 is the units digit of 4783276?
6
What is the hundreds digit of 1143506?
5
What is the hundreds digit of 212521?
5
What is the units digit of 764769?
9
What is the units digit of 9339444?
4
What is the hundred thousands digit of 214997?
2
What is the units digit of 293501?
1
What is the tens digit of 16484?
8
What is the thousands digit of 11823821?
3
What is the units digit of 666383?
3
What is the units digit of 3477359?
9
What is the millions digit of 2610577?
2
What is the millions digit of 1317975?
1
What is the thousands digit of 539309?
9
What is the thousands digit of 595730?
5
What is the thousands digit of 8979875?
9
What is the units digit of 2746713?
3
What is the ten thousands digit of 2714673?
1
What is the thousands digit of 348625?
8
What is the ten thousands digit of 127097?
2
What is the millions digit of 3922890?
3
What is the hundreds digit of 2827790?
7
What is the ten thousands digit of 165318?
6
What is the hundred thousands digit of 4454859?
4
What is the units digit of 178479?
9
What is the hundred thousands digit of 424471?
4
What is the hundreds digit of 263062?
0
What is the millions digit of 13252850?
3
What is the millions digit of 1208748?
1
What is the millions digit of 44141195?
4
What is the thousands digit of 193640?
3
What is the ten thousands digit of 101738?
0
What is the units digit of 383633?
3
What is the hundreds digit of 7836242?
2
What is the thousands digit of 970515?
0
What is the hundreds digit of 28010532?
5
What is the thousands digit of 7841358?
1
What is the units digit of 887446?
6
What is the thousands digit of 1480997?
0
What is the tens digit of 1661404?
0
What is the units digit of 500547?
7
What is the millions digit of 4081591?
4
What is the ten thousands digit of 21813682?
1
What is the units digit of 89788?
8
What is the tens digit of 9079248?
4
What is the hundreds digit of 348103?
1
What is the hundreds digit of 413520?
5
What is the hundred thousands digit of 792179?
7
What is the hundreds digit of 279209?
2
What is the thousands digit of 107868?
7
What is the hundred thousands digit of 531158?
5
What is the thousands digit of 907217?
7
What is the units digit of 13425469?
9
What is the hundreds digit of 2612245?
2
What is the thousands digit of 8587414?
7
What is the ten millions digit of 14030472?
1
What is the thousands digit of 5304846?
4
What is the ten thousands digit of 41551?
4
What is the millions digit of 1679628?
1
What is the thousands digit of 2261308?
1
What is the units digit of 478028?
8
What is the thousands digit of 2203?
2
What is the thousands digit of 10502016?
2
What is the units digit of 35391?
1
What is the units digit of 153853?
3
What is the hundred thousands digit of 8176016?
1
What is the thousands digit of 10685298?
5
What is the tens digit of 862138?
3
What is the tens digit of 13335553?
5
What is the hundreds digit of 19888849?
8
What is the millions digit of 7595869?
7
What is the ten thousands digit of 2539059?
3
What is the hundred thousands digit of 6085784?
0
What is the hundreds digit of 85308?
3
What is the tens digit of 83970?
7
What is the thousands digit of 669892?
9
What is the hundreds digit of 3767213?
2
What is the hundred thousands digit of 28033960?
0
What is the hundreds digit of 1953353?
3
What is the ten thousands digit of 1984127?
8
What is the hundred thousands digit of 320693?
3
What is the thousands digit of 10455195?
5
What is the hundreds digit of 22140?
1
What is the hundred thousands digit of 2934308?
9
What is the units digit of 6663737?
7
What is the ten thousands digit of 10547868?
4
What is the tens digit of 2585105?
0
What is the ten thousands digit of 496050?
9
What is the hundreds digit of 202108?
1
What is the tens digit of 11002710?
1
What is the hundred thousands digit of 2604140?
6
What is the millions digit of 1806987?
1
What is the units digit of 4509523?
3
What is the hundreds digit of 1048778?
7
What is the units digit of 169129?
9
What is the units digit of 849156?
6
What is the ten thousands digit of 87372?
8
What is the hundred thousands digit of 179198?
1
What is the tens digit of 11498836?
3
What is the hundreds digit of 414922?
9
What is the thousands digit of 339177?
9
What is the thousands digit of 244189?
4
What is the hundreds digit of 4938803?
8
What is the hundred thousands digit of 1209232?
2
What is the units digit of 10380379?
9
What is the units digit of 159450?
0
What is the tens digit of 15997453?
5
What is the units digit of 7047724?
4
What is the hundreds digit of 5931654?
6
What is the hundred thousands digit of 3485800?
4
What is the millions digit of 1090608?
1
What is the tens digit of 1300106?
0
What is the tens digit of 4847874?
7
What is the tens digit of 8100637?
3
What is the ten thousands digit of 2324478?
2
What is the tens digit of 131869?
6
What is the millions digit of 7299822?
7
What is the hundred thousands digit of 2498757?
4
What is the units digit of 6713004?
4
What is the hundred thousands digit of 1174012?
1
What is the millions digit of 28146995?
8
What is the ten thousands digit of 453283?
5
What is the units digit of 219955?
5
What is the ten thousands digit of 23835689?
3
What is the units digit of 555141?
1
What is the hundred thousands digit of 29324117?
3
What is the hundreds digit of 59122?
1
What is the ten thousands digit of 249398?
4
What is the tens digit of 584616?
1
What is the thousands digit of 535379?
5
What is the tens digit of 28970067?
6
What is the tens digit of 546004?
0
What is the ten thousands digit of 672971?
7
What is the ten millions digit of 11987783?
1
What is the tens digit of 172181?
8
What is the ten thousands digit of 17349270?
4
What is the millions digit of 1397995?
1
What is the hundreds digit of 7966175?
1
What is the ten thousands digit of 555835?
5
What is the tens digit of 403030?
3
What is the hundreds digit of 8928063?
0
What is the ten thousands digit of 417354?
1
What is the hundreds digit of 50664?
6
What is the thousands digit of 2567091?
7
What is the units digit of 270747?
7
What is the hundred thousands digit of 8750002?
7
What is the units digit of 17255?
5
What is the ten thousands digit of 741701?
4
What is the tens digit of 152561?
6
What is the thousands digit of 2634332?
4
What is the ten thousands digit of 1404619?
0
What is the thousands digit of 471004?
1
What is the tens digit of 12207966?
6
What is the hundred thousands digit of 2377643?
3
What is the ten thousands digit of 32110?
3
What is the units digit of 2587870?
0
What is the tens digit of 3485967?
6
What is the units digit of 656142?
2
What is the hundred thousands digit of 732219?
7
What is the hundreds digit of 35025?
0
What is the ten thousands digit of 1380361?
8
What is the units digit of 332232?
2
What is the units digit of 11626295?
5
What is the ten thousands digit of 1431096?
3
What is the tens digit of 1702024?
2
What is the hundreds digit of 2130767?
7
What is the tens digit of 1256512?
1
What is the hundred thousands digit of 181224?
1
What is the tens digit of 156556?
5
What is the tens digit of 3528964?
6
What is the hundred thousands digit of 1396331?
3
What is the millions digit of 5485353?
5
What is the ten thousands digit of 26420570?
2
What is the millions digit of 2718271?
2
What is the ten thousands digit of 12339326?
3
What is the ten millions digit of 10289323?
1
What is the ten thousands digit of 16033243?
3
What is the units digit of 483252?
2
What is the thousands digit of 13337953?
7
What is the thousands digit of 3832973?
2
What is the ten thousands digit of 12749?
1
What is the ten thousands digit of 4028783?
2
What is the units digit of 182724?
4
What is the units digit of 1049645?
5
What is the thousands digit of 1927280?
7
What is the hundred thousands digit of 707800?
7
What is the units digit of 823111?
1
What is the tens digit of 264782?
8
What is the hundreds digit of 205487?
4
What is the tens digit of 5999750?
5
What is the thousands digit of 392360?
2
What is the hundreds digit of 5387761?
7
What is the ten thousands digit of 8921921?
2
What is the hundred thousands digit of 184469?
1
What is the hundred thousands digit of 1162188?
1
What is the tens digit of 341047?
4
What is the ten thousands digit of 229176